[INFO] cloning repository https://github.com/rustmx/tweet-it-again-rs
[INFO] running `Command { std: "git" "-c" "credential.helper=" "-c" "credential.helper=/workspace/cargo-home/bin/git-credential-null" "clone" "--bare" "https://github.com/rustmx/tweet-it-again-rs" "/workspace/cache/git-repos/https%3A%2F%2Fgithub.com%2Frustmx%2Ftweet-it-again-rs", kill_on_drop: false }`
[INFO] [stderr] Cloning into bare repository '/workspace/cache/git-repos/https%3A%2F%2Fgithub.com%2Frustmx%2Ftweet-it-again-rs'...
[INFO] running `Command { std: "git" "rev-parse" "HEAD", kill_on_drop: false }`
[INFO] [stdout] 845a7278f6e40ac15707f51a3c7f3b21bd4ce3ad
[INFO] checking rustmx/tweet-it-again-rs against try#72f88fc4e9458f89516a0b8b0868f3718aec5b47 for pr-74989
[INFO] running `Command { std: "git" "clone" "/workspace/cache/git-repos/https%3A%2F%2Fgithub.com%2Frustmx%2Ftweet-it-again-rs" "/workspace/builds/worker-5/source", kill_on_drop: false }`
[INFO] [stderr] Cloning into '/workspace/builds/worker-5/source'...
[INFO] [stderr] done.
[INFO] validating manifest of git repo https://github.com/rustmx/tweet-it-again-rs on toolchain 72f88fc4e9458f89516a0b8b0868f3718aec5b47
[INFO] running `Command { std: "/workspace/cargo-home/bin/cargo" "+72f88fc4e9458f89516a0b8b0868f3718aec5b47" "read-manifest" "--manifest-path" "Cargo.toml", kill_on_drop: false }`
[INFO] started tweaking git repo https://github.com/rustmx/tweet-it-again-rs
[INFO] removed path dependency egg-mode from git repo https://github.com/rustmx/tweet-it-again-rs
[INFO] finished tweaking git repo https://github.com/rustmx/tweet-it-again-rs
[INFO] tweaked toml for git repo https://github.com/rustmx/tweet-it-again-rs written to /workspace/builds/worker-5/source/Cargo.toml
[INFO] crate git repo https://github.com/rustmx/tweet-it-again-rs already has a lockfile, it will not be regenerated
[INFO] running `Command { std: "/workspace/cargo-home/bin/cargo" "+72f88fc4e9458f89516a0b8b0868f3718aec5b47" "fetch" "--locked" "--manifest-path" "Cargo.toml", kill_on_drop: false }`
[INFO] [stderr] warning: dependency (egg-mode) specified without providing a local path, Git repository, or version to use. This will be considered an error in future versions
[INFO] [stderr]     Updating crates.io index
[INFO] [stderr] error: the lock file /workspace/builds/worker-5/source/Cargo.lock needs to be updated but --locked was passed to prevent this
[INFO] [stderr] If you want to try to generate the lock file without accessing the network, use the --offline flag.
[INFO] the lockfile is outdated, regenerating it
[INFO] running `Command { std: "/workspace/cargo-home/bin/cargo" "+72f88fc4e9458f89516a0b8b0868f3718aec5b47" "generate-lockfile" "--manifest-path" "Cargo.toml" "-Zno-index-update", kill_on_drop: false }`
[INFO] running `Command { std: "/workspace/cargo-home/bin/cargo" "+72f88fc4e9458f89516a0b8b0868f3718aec5b47" "fetch" "--locked" "--manifest-path" "Cargo.toml", kill_on_drop: false }`
[INFO] [stderr] warning: dependency (egg-mode) specified without providing a local path, Git repository, or version to use. This will be considered an error in future versions
[INFO] [stderr]  Downloading crates ...
[INFO] [stderr]   Downloaded egg-mode v0.15.0
[INFO] running `Command { std: "docker" "create" "-v" "/var/lib/crater-agent-workspace/builds/worker-5/target:/opt/rustwide/target:rw,Z" "-v" "/var/lib/crater-agent-workspace/builds/worker-5/source:/opt/rustwide/workdir:ro,Z" "-v" "/var/lib/crater-agent-workspace/cargo-home:/opt/rustwide/cargo-home:ro,Z" "-v" "/var/lib/crater-agent-workspace/rustup-home:/opt/rustwide/rustup-home:ro,Z" "-e" "SOURCE_DIR=/opt/rustwide/workdir" "-e" "CARGO_TARGET_DIR=/opt/rustwide/target" "-e" "CARGO_HOME=/opt/rustwide/cargo-home" "-e" "RUSTUP_HOME=/opt/rustwide/rustup-home" "-w" "/opt/rustwide/workdir" "-m" "1610612736" "--user" "0:0" "--network" "none" "rustops/crates-build-env@sha256:d92eaeed33fa75130ca1ee6c8a01d1ffb62bac859dfdfb3450e3e5d1c0146529" "/opt/rustwide/cargo-home/bin/cargo" "+72f88fc4e9458f89516a0b8b0868f3718aec5b47" "metadata" "--no-deps" "--format-version=1", kill_on_drop: false }`
[INFO] [stdout] edde9d1c66a932b11b2f912f114d780e20ad6665511003a0956005da160d5ced
[INFO] [stderr] WARNING: Your kernel does not support swap limit capabilities or the cgroup is not mounted. Memory limited without swap.
[INFO] running `Command { std: "docker" "start" "-a" "edde9d1c66a932b11b2f912f114d780e20ad6665511003a0956005da160d5ced", kill_on_drop: false }`
[INFO] running `Command { std: "docker" "inspect" "edde9d1c66a932b11b2f912f114d780e20ad6665511003a0956005da160d5ced", kill_on_drop: false }`
[INFO] running `Command { std: "docker" "rm" "-f" "edde9d1c66a932b11b2f912f114d780e20ad6665511003a0956005da160d5ced", kill_on_drop: false }`
[INFO] [stdout] edde9d1c66a932b11b2f912f114d780e20ad6665511003a0956005da160d5ced
[INFO] running `Command { std: "docker" "create" "-v" "/var/lib/crater-agent-workspace/builds/worker-5/target:/opt/rustwide/target:rw,Z" "-v" "/var/lib/crater-agent-workspace/builds/worker-5/source:/opt/rustwide/workdir:ro,Z" "-v" "/var/lib/crater-agent-workspace/cargo-home:/opt/rustwide/cargo-home:ro,Z" "-v" "/var/lib/crater-agent-workspace/rustup-home:/opt/rustwide/rustup-home:ro,Z" "-e" "SOURCE_DIR=/opt/rustwide/workdir" "-e" "CARGO_TARGET_DIR=/opt/rustwide/target" "-e" "CARGO_INCREMENTAL=0" "-e" "RUST_BACKTRACE=full" "-e" "RUSTFLAGS=--cap-lints=forbid" "-e" "CARGO_HOME=/opt/rustwide/cargo-home" "-e" "RUSTUP_HOME=/opt/rustwide/rustup-home" "-w" "/opt/rustwide/workdir" "-m" "1610612736" "--user" "0:0" "--network" "none" "rustops/crates-build-env@sha256:d92eaeed33fa75130ca1ee6c8a01d1ffb62bac859dfdfb3450e3e5d1c0146529" "/opt/rustwide/cargo-home/bin/cargo" "+72f88fc4e9458f89516a0b8b0868f3718aec5b47" "check" "--frozen" "--all" "--all-targets" "--message-format=json", kill_on_drop: false }`
[INFO] [stdout] d89497dc81ca68396c6f8868810bd45f6b764dc18a255c938d92e6268a9bb333
[INFO] [stderr] WARNING: Your kernel does not support swap limit capabilities or the cgroup is not mounted. Memory limited without swap.
[INFO] running `Command { std: "docker" "start" "-a" "d89497dc81ca68396c6f8868810bd45f6b764dc18a255c938d92e6268a9bb333", kill_on_drop: false }`
[INFO] [stderr] warning: dependency (egg-mode) specified without providing a local path, Git repository, or version to use. This will be considered an error in future versions
[INFO] [stderr]    Compiling libc v0.2.77
[INFO] [stderr]     Checking cfg-if v0.1.10
[INFO] [stderr]     Checking lazy_static v1.4.0
[INFO] [stderr]    Compiling cc v1.0.59
[INFO] [stderr]    Compiling pkg-config v0.3.18
[INFO] [stderr]     Checking fnv v1.0.7
[INFO] [stderr]    Compiling version_check v0.9.2
[INFO] [stderr]    Compiling serde_derive v1.0.116
[INFO] [stderr]     Checking itoa v0.4.6
[INFO] [stderr]    Compiling bitflags v1.2.1
[INFO] [stderr]    Compiling getrandom v0.1.15
[INFO] [stderr]     Checking hashbrown v0.9.0
[INFO] [stderr]    Compiling httparse v1.3.4
[INFO] [stderr]     Checking openssl-probe v0.1.2
[INFO] [stderr]     Checking try-lock v0.2.3
[INFO] [stderr]     Checking matches v0.1.8
[INFO] [stderr]    Compiling ryu v1.0.5
[INFO] [stderr]    Compiling serde_json v1.0.57
[INFO] [stderr]    Compiling indexmap v1.6.0
[INFO] [stderr]    Compiling num-traits v0.2.12
[INFO] [stderr]    Compiling num-integer v0.1.43
[INFO] [stderr]     Checking unicode-bidi v0.3.4
[INFO] [stderr]     Checking tracing-core v0.1.16
[INFO] [stderr]     Checking thread_local v1.0.1
[INFO] [stderr]     Checking log v0.4.11
[INFO] [stderr]     Checking http v0.2.1
[INFO] [stderr]     Checking idna v0.2.0
[INFO] [stderr]    Compiling syn v1.0.41
[INFO] [stderr]     Checking regex v1.3.9
[INFO] [stderr]     Checking tracing v0.1.19
[INFO] [stderr]     Checking want v0.3.0
[INFO] [stderr]    Compiling generic-array v0.14.4
[INFO] [stderr]     Checking url v2.1.1
[INFO] [stderr]    Compiling openssl-sys v0.9.58
[INFO] [stderr]     Checking net2 v0.2.35
[INFO] [stderr]     Checking iovec v0.1.4
[INFO] [stderr]     Checking time v0.1.44
[INFO] [stderr]     Checking socket2 v0.3.15
[INFO] [stderr]     Checking digest v0.9.0
[INFO] [stderr]     Checking block-buffer v0.9.0
[INFO] [stderr]     Checking crypto-mac v0.8.0
[INFO] [stderr]     Checking sha-1 v0.9.1
[INFO] [stderr]     Checking hmac v0.8.1
[INFO] [stderr]     Checking rand_core v0.5.1
[INFO] [stderr]     Checking mio v0.6.22
[INFO] [stderr]     Checking http-body v0.3.1
[INFO] [stderr]     Checking rand_chacha v0.2.2
[INFO] [stderr]    Compiling openssl v0.10.30
[INFO] [stderr]    Compiling native-tls v0.2.4
[INFO] [stderr]     Checking rand v0.7.3
[INFO] [stderr]    Compiling pin-project-internal v0.4.23
[INFO] [stderr]    Compiling tokio-macros v0.2.5
[INFO] [stderr]    Compiling futures-macro v0.3.5
[INFO] [stderr]    Compiling thiserror-impl v1.0.20
[INFO] [stderr]    Compiling derive_more v0.99.10
[INFO] [stderr]     Checking tokio v0.2.22
[INFO] [stderr]     Checking thiserror v1.0.20
[INFO] [stderr]     Checking pin-project v0.4.23
[INFO] [stderr]     Checking futures-util v0.3.5
[INFO] [stderr]     Checking tokio-util v0.3.1
[INFO] [stderr]     Checking tokio-tls v0.3.1
[INFO] [stderr]     Checking serde v1.0.116
[INFO] [stderr]     Checking h2 v0.2.6
[INFO] [stderr]     Checking futures-executor v0.3.5
[INFO] [stderr]     Checking futures v0.3.5
[INFO] [stderr]     Checking chrono v0.4.15
[INFO] [stderr]     Checking toml v0.4.10
[INFO] [stderr]     Checking hyper v0.13.7
[INFO] [stderr]     Checking hyper-tls v0.4.3
[INFO] [stderr]     Checking egg-mode v0.15.0
[INFO] [stderr]     Checking tiarmx-rs v0.1.0 (/opt/rustwide/workdir)
[INFO] [stdout] error[E0277]: the trait bound `UserID: From<&std::string::String>` is not satisfied
[INFO] [stdout]    --> src/main.rs:51:47
[INFO] [stdout]     |
[INFO] [stdout] 51  |     let tweets: Vec<egg_mode::tweet::Tweet> = egg_mode::tweet::user_timeline(
[INFO] [stdout]     |                                               ^^^^^^^^^^^^^^^^^^^^^^^^^^^^^^ the trait `From<&std::string::String>` is not implemented for `UserID`
[INFO] [stdout]     | 
[INFO] [stdout]    ::: /opt/rustwide/cargo-home/registry/src/github.com-1ecc6299db9ec823/egg-mode-0.15.0/src/tweet/fun.rs:167:25
[INFO] [stdout]     |
[INFO] [stdout] 167 | pub fn user_timeline<T: Into<UserID>>(
[INFO] [stdout]     |                         ------------ required by this bound in `user_timeline`
[INFO] [stdout]     |
[INFO] [stdout]     = help: the following implementations were found:
[INFO] [stdout]               <UserID as From<&'static str>>
[INFO] [stdout]               <UserID as From<Cow<'static, str>>>
[INFO] [stdout]               <UserID as From<std::string::String>>
[INFO] [stdout]               <UserID as From<u64>>
[INFO] [stdout]     = note: required because of the requirements on the impl of `Into<UserID>` for `&std::string::String`
[INFO] [stdout] 
[INFO] [stdout] 
[INFO] [stdout] error[E0277]: the trait bound `UserID: From<&std::string::String>` is not satisfied
[INFO] [stdout]    --> src/main.rs:51:47
[INFO] [stdout]     |
[INFO] [stdout] 51  |     let tweets: Vec<egg_mode::tweet::Tweet> = egg_mode::tweet::user_timeline(
[INFO] [stdout]     |                                               ^^^^^^^^^^^^^^^^^^^^^^^^^^^^^^ the trait `From<&std::string::String>` is not implemented for `UserID`
[INFO] [stdout]     | 
[INFO] [stdout]    ::: /opt/rustwide/cargo-home/registry/src/github.com-1ecc6299db9ec823/egg-mode-0.15.0/src/tweet/fun.rs:167:25
[INFO] [stdout]     |
[INFO] [stdout] 167 | pub fn user_timeline<T: Into<UserID>>(
[INFO] [stdout]     |                         ------------ required by this bound in `user_timeline`
[INFO] [stdout]     |
[INFO] [stdout]     = help: the following implementations were found:
[INFO] [stdout]               <UserID as From<&'static str>>
[INFO] [stdout]               <UserID as From<Cow<'static, str>>>
[INFO] [stdout]               <UserID as From<std::string::String>>
[INFO] [stdout]               <UserID as From<u64>>
[INFO] [stdout]     = note: required because of the requirements on the impl of `Into<UserID>` for `&std::string::String`
[INFO] [stdout] 
[INFO] [stdout] 
[INFO] [stdout] error[E0599]: no method named `unwrap` found for struct `TimelineFuture` in the current scope
[INFO] [stdout]   --> src/main.rs:58:10
[INFO] [stdout]    |
[INFO] [stdout] 58 |         .unwrap()
[INFO] [stdout]    |          ^^^^^^ method not found in `TimelineFuture`
[INFO] [stdout] 
[INFO] [stdout] 
[INFO] [stdout] error[E0599]: no method named `unwrap` found for struct `TimelineFuture` in the current scope
[INFO] [stdout]   --> src/main.rs:58:10
[INFO] [stdout]    |
[INFO] [stdout] 58 |         .unwrap()
[INFO] [stdout]    |          ^^^^^^ method not found in `TimelineFuture`
[INFO] [stdout] 
[INFO] [stdout] 
[INFO] [stdout] error[E0599]: no method named `ok` found for opaque type `impl Future` in the current scope
[INFO] [stdout]   --> src/main.rs:94:18
[INFO] [stdout]    |
[INFO] [stdout] 94 |                 .ok()
[INFO] [stdout]    |                  ^^ method not found in `impl Future`
[INFO] [stdout]    |
[INFO] [stdout] help: consider awaiting before this method call
[INFO] [stdout]    |
[INFO] [stdout] 94 |                 .await.ok()
[INFO] [stdout]    |                  ^^^^^^
[INFO] [stdout] 
[INFO] [stdout] 
[INFO] [stdout] error[E0599]: no method named `unwrap` found for opaque type `impl Future` in the current scope
[INFO] [stdout]   --> src/main.rs:97:63
[INFO] [stdout]    |
[INFO] [stdout] 97 |                     egg_mode::tweet::delete(tweet.id, &token).unwrap();
[INFO] [stdout]    |                                                               ^^^^^^ method not found in `impl Future`
[INFO] [stdout]    |
[INFO] [stdout] help: consider awaiting before this method call
[INFO] [stdout]    |
[INFO] [stdout] 97 |                     egg_mode::tweet::delete(tweet.id, &token).await.unwrap();
[INFO] [stdout]    |                                                               ^^^^^^
[INFO] [stdout] 
[INFO] [stdout] 
[INFO] [stdout] error[E0599]: no method named `ok` found for opaque type `impl Future` in the current scope
[INFO] [stdout]   --> src/main.rs:94:18
[INFO] [stdout]    |
[INFO] [stdout] 94 |                 .ok()
[INFO] [stdout]    |                  ^^ method not found in `impl Future`
[INFO] [stdout]    |
[INFO] [stdout] help: consider awaiting before this method call
[INFO] [stdout]    |
[INFO] [stdout] 94 |                 .await.ok()
[INFO] [stdout]    |                  ^^^^^^
[INFO] [stdout] 
[INFO] [stdout] 
[INFO] [stdout] error[E0599]: no method named `unwrap` found for opaque type `impl Future` in the current scope
[INFO] [stdout]   --> src/main.rs:97:63
[INFO] [stdout]    |
[INFO] [stdout] 97 |                     egg_mode::tweet::delete(tweet.id, &token).unwrap();
[INFO] [stdout]    |                                                               ^^^^^^ method not found in `impl Future`
[INFO] [stdout]    |
[INFO] [stdout] help: consider awaiting before this method call
[INFO] [stdout]    |
[INFO] [stdout] 97 |                     egg_mode::tweet::delete(tweet.id, &token).await.unwrap();
[INFO] [stdout]    |                                                               ^^^^^^
[INFO] [stdout] 
[INFO] [stdout] 
[INFO] [stdout] error: aborting due to 4 previous errors
[INFO] [stdout] 
[INFO] [stdout] 
[INFO] [stdout] Some errors have detailed explanations: E0277, E0599.
[INFO] [stdout] 
[INFO] [stdout] For more information about an error, try `rustc --explain E0277`.
[INFO] [stdout] 
[INFO] [stdout] error: aborting due to 4 previous errors
[INFO] [stdout] 
[INFO] [stdout] 
[INFO] [stdout] Some errors have detailed explanations: E0277, E0599.
[INFO] [stdout] 
[INFO] [stdout] For more information about an error, try `rustc --explain E0277`.
[INFO] [stdout] 
[INFO] [stderr] error: could not compile `tiarmx-rs`.
[INFO] [stderr] 
[INFO] [stderr] To learn more, run the command again with --verbose.
[INFO] [stderr] warning: build failed, waiting for other jobs to finish...
[INFO] [stderr] error: build failed
[INFO] running `Command { std: "docker" "inspect" "d89497dc81ca68396c6f8868810bd45f6b764dc18a255c938d92e6268a9bb333", kill_on_drop: false }`
[INFO] running `Command { std: "docker" "rm" "-f" "d89497dc81ca68396c6f8868810bd45f6b764dc18a255c938d92e6268a9bb333", kill_on_drop: false }`
[INFO] [stdout] d89497dc81ca68396c6f8868810bd45f6b764dc18a255c938d92e6268a9bb333
